{"id":1444,"date":"2019-11-19T14:53:52","date_gmt":"2019-11-19T13:53:52","guid":{"rendered":"http:\/\/www.ndclarte-plemet.fr\/?page_id=1444"},"modified":"2019-11-26T18:29:01","modified_gmt":"2019-11-26T17:29:01","slug":"centre-de-documentation-et-dinformation-c-d-i","status":"publish","type":"page","link":"http:\/\/www.ndclarte-plemet.fr\/?page_id=1444","title":{"rendered":"Centre de Documentation et d&rsquo;Information (C.D.I)"},"content":{"rendered":"\n<p>Le<strong>&nbsp;CDI<\/strong>&nbsp;<strong>(Centre de Documentation et d&rsquo;Information)<\/strong>\nest&nbsp;un espace ouvert aux \u00e9l\u00e8ves et \u00e0 tous les personnels de\nl&rsquo;\u00e9tablissement (enseignants et non-enseignants).<\/p>\n\n\n\n<p><strong>Le CDI est \u00e0 la fois&nbsp;:<\/strong><\/p>\n\n\n\n<figure class=\"wp-block-table\"><table class=\"\"><tbody><tr><td><\/td><\/tr><\/tbody><\/table><\/figure>\n\n\n\n<ul class=\"wp-block-list\"><li>Un lieud&rsquo;<strong>apprentissage<\/strong>&nbsp;o\u00f9 se\nd\u00e9roulent des&nbsp;s\u00e9ances p\u00e9dagogiques (initiation \u00e0 la recherche\ndocumentaire, \u00e9ducation aux m\u00e9dias \u2026).<\/li><\/ul>\n\n\n\n<ul class=\"wp-block-list\"><li>Un lieu de&nbsp;<strong>lecture<\/strong>&nbsp;calme\net de d\u00e9tente&nbsp;qui participe \u00e0&nbsp;l&rsquo;am\u00e9lioration du climat scolaire.&nbsp;<\/li><\/ul>\n\n\n\n<ul class=\"wp-block-list\"><li>Un lieu de<strong>travail<\/strong><strong>&nbsp;<\/strong>o\u00f9 sont \u00e0\ndisposition des ressources documentaires vari\u00e9es et des outils\ninformatiques.&nbsp;<\/li><\/ul>\n\n\n\n<ul class=\"wp-block-list\"><li>Un lieu de<strong>culture<\/strong><strong>&nbsp;<\/strong>permettant de s&rsquo;enrichir\nintellectuellement, sur son temps libre o\u00f9 lors des clubs (m\u00e9dias, manga&#8230;)\nanim\u00e9s par le professeur documentaliste.<\/li><\/ul>\n\n\n\n<p><strong>Le CDI mode d\u2019emploi&nbsp;:&nbsp;&nbsp;\n<\/strong><\/p>\n\n\n\n<p>Tu peux venir au CDI pendant les\nr\u00e9cr\u00e9ations et suivant les disponibilit\u00e9s du professeur documentaliste.\nCertaines heures \u00e9tant consacr\u00e9es \u00e0 des s\u00e9ances p\u00e9dagogiques.<\/p>\n\n\n\n<figure class=\"wp-block-image size-large\"><img loading=\"lazy\" decoding=\"async\" width=\"939\" height=\"989\" src=\"http:\/\/www.ndclarte-plemet.fr\/wp-content\/uploads\/2019\/11\/CDI.png\" alt=\"\" class=\"wp-image-1453\" srcset=\"http:\/\/www.ndclarte-plemet.fr\/wp-content\/uploads\/2019\/11\/CDI.png 939w, http:\/\/www.ndclarte-plemet.fr\/wp-content\/uploads\/2019\/11\/CDI-285x300.png 285w\" sizes=\"auto, (max-width: 939px) 100vw, 939px\" \/><\/figure>\n\n\n\n<figure class=\"wp-block-image size-large\"><img loading=\"lazy\" decoding=\"async\" width=\"768\" height=\"1024\" src=\"http:\/\/www.ndclarte-plemet.fr\/wp-content\/uploads\/2019\/11\/CDI-1-768x1024.jpg\" alt=\"\" class=\"wp-image-1455\" srcset=\"http:\/\/www.ndclarte-plemet.fr\/wp-content\/uploads\/2019\/11\/CDI-1-768x1024.jpg 768w, http:\/\/www.ndclarte-plemet.fr\/wp-content\/uploads\/2019\/11\/CDI-1-225x300.jpg 225w, http:\/\/www.ndclarte-plemet.fr\/wp-content\/uploads\/2019\/11\/CDI-1-1152x1536.jpg 1152w, http:\/\/www.ndclarte-plemet.fr\/wp-content\/uploads\/2019\/11\/CDI-1-1536x2048.jpg 1536w, http:\/\/www.ndclarte-plemet.fr\/wp-content\/uploads\/2019\/11\/CDI-1-scaled.jpg 1920w\" sizes=\"auto, (max-width: 768px) 100vw, 768px\" \/><figcaption>dav<\/figcaption><\/figure>\n\n\n\n<figure class=\"wp-block-image size-large\"><img loading=\"lazy\" decoding=\"async\" width=\"768\" height=\"1024\" src=\"http:\/\/www.ndclarte-plemet.fr\/wp-content\/uploads\/2019\/11\/CDI-4-768x1024.jpg\" alt=\"\" class=\"wp-image-1460\" srcset=\"http:\/\/www.ndclarte-plemet.fr\/wp-content\/uploads\/2019\/11\/CDI-4-768x1024.jpg 768w, http:\/\/www.ndclarte-plemet.fr\/wp-content\/uploads\/2019\/11\/CDI-4-225x300.jpg 225w, http:\/\/www.ndclarte-plemet.fr\/wp-content\/uploads\/2019\/11\/CDI-4-1152x1536.jpg 1152w, http:\/\/www.ndclarte-plemet.fr\/wp-content\/uploads\/2019\/11\/CDI-4-1536x2048.jpg 1536w, http:\/\/www.ndclarte-plemet.fr\/wp-content\/uploads\/2019\/11\/CDI-4-scaled.jpg 1920w\" sizes=\"auto, (max-width: 768px) 100vw, 768px\" \/><figcaption>dav<\/figcaption><\/figure>\n\n\n\n<figure class=\"wp-block-image size-large\"><img loading=\"lazy\" decoding=\"async\" width=\"1024\" height=\"768\" src=\"http:\/\/www.ndclarte-plemet.fr\/wp-content\/uploads\/2019\/11\/CDI-2-1-1024x768.jpg\" alt=\"\" class=\"wp-image-1463\" srcset=\"http:\/\/www.ndclarte-plemet.fr\/wp-content\/uploads\/2019\/11\/CDI-2-1-1024x768.jpg 1024w, http:\/\/www.ndclarte-plemet.fr\/wp-content\/uploads\/2019\/11\/CDI-2-1-300x225.jpg 300w, http:\/\/www.ndclarte-plemet.fr\/wp-content\/uploads\/2019\/11\/CDI-2-1-1536x1152.jpg 1536w, http:\/\/www.ndclarte-plemet.fr\/wp-content\/uploads\/2019\/11\/CDI-2-1-2048x1536.jpg 2048w\" sizes=\"auto, (max-width: 1024px) 100vw, 1024px\" \/><figcaption>dav<\/figcaption><\/figure>\n\n\n\n<figure class=\"wp-block-image size-large\"><img loading=\"lazy\" decoding=\"async\" width=\"768\" height=\"1024\" src=\"http:\/\/www.ndclarte-plemet.fr\/wp-content\/uploads\/2019\/11\/CDI-3-1-768x1024.jpg\" alt=\"\" class=\"wp-image-1466\" srcset=\"http:\/\/www.ndclarte-plemet.fr\/wp-content\/uploads\/2019\/11\/CDI-3-1-768x1024.jpg 768w, http:\/\/www.ndclarte-plemet.fr\/wp-content\/uploads\/2019\/11\/CDI-3-1-225x300.jpg 225w, http:\/\/www.ndclarte-plemet.fr\/wp-content\/uploads\/2019\/11\/CDI-3-1-1152x1536.jpg 1152w, http:\/\/www.ndclarte-plemet.fr\/wp-content\/uploads\/2019\/11\/CDI-3-1-1536x2048.jpg 1536w, http:\/\/www.ndclarte-plemet.fr\/wp-content\/uploads\/2019\/11\/CDI-3-1-scaled.jpg 1920w\" sizes=\"auto, (max-width: 768px) 100vw, 768px\" \/><figcaption>dav<\/figcaption><\/figure>\n","protected":false},"excerpt":{"rendered":"<p>Le&nbsp;CDI&nbsp;(Centre de Documentation et d&rsquo;Information) est&nbsp;un espace ouvert aux \u00e9l\u00e8ves et \u00e0 tous les personnels de l&rsquo;\u00e9tablissement (enseignants et non-enseignants). Le CDI est \u00e0 la fois&nbsp;: Un lieud&rsquo;apprentissage&nbsp;o\u00f9 se d\u00e9roulent des&nbsp;s\u00e9ances p\u00e9dagogiques (initiation \u00e0 la recherche documentaire, \u00e9ducation aux m\u00e9dias \u2026). Un lieu de&nbsp;lecture&nbsp;calme et de d\u00e9tente&nbsp;qui participe \u00e0&nbsp;l&rsquo;am\u00e9lioration du climat scolaire.&nbsp; Un lieu detravail&nbsp;o\u00f9 [&hellip;]<\/p>\n","protected":false},"author":1,"featured_media":0,"parent":0,"menu_order":0,"comment_status":"closed","ping_status":"closed","template":"","meta":{"_mc_calendar":[],"footnotes":""},"class_list":["post-1444","page","type-page","status-publish","hentry","entry"],"_links":{"self":[{"href":"http:\/\/www.ndclarte-plemet.fr\/index.php?rest_route=\/wp\/v2\/pages\/1444","targetHints":{"allow":["GET"]}}],"collection":[{"href":"http:\/\/www.ndclarte-plemet.fr\/index.php?rest_route=\/wp\/v2\/pages"}],"about":[{"href":"http:\/\/www.ndclarte-plemet.fr\/index.php?rest_route=\/wp\/v2\/types\/page"}],"author":[{"embeddable":true,"href":"http:\/\/www.ndclarte-plemet.fr\/index.php?rest_route=\/wp\/v2\/users\/1"}],"replies":[{"embeddable":true,"href":"http:\/\/www.ndclarte-plemet.fr\/index.php?rest_route=%2Fwp%2Fv2%2Fcomments&post=1444"}],"version-history":[{"count":10,"href":"http:\/\/www.ndclarte-plemet.fr\/index.php?rest_route=\/wp\/v2\/pages\/1444\/revisions"}],"predecessor-version":[{"id":1855,"href":"http:\/\/www.ndclarte-plemet.fr\/index.php?rest_route=\/wp\/v2\/pages\/1444\/revisions\/1855"}],"wp:attachment":[{"href":"http:\/\/www.ndclarte-plemet.fr\/index.php?rest_route=%2Fwp%2Fv2%2Fmedia&parent=1444"}],"curies":[{"name":"wp","href":"https:\/\/api.w.org\/{rel}","templated":true}]}}