{"id":302,"date":"2016-05-12T04:07:49","date_gmt":"2016-05-12T03:07:49","guid":{"rendered":"http:\/\/www.ndclarte-plemet.fr\/?page_id=302"},"modified":"2018-09-25T10:31:19","modified_gmt":"2018-09-25T09:31:19","slug":"regards-vers-lhistoire","status":"publish","type":"page","link":"http:\/\/www.ndclarte-plemet.fr\/?page_id=302","title":{"rendered":"Regards vers l&rsquo;Histoire"},"content":{"rendered":"<p style=\"text-align: justify;\">Parce qu\u2019il est difficile de savoir o\u00f9 l\u2019on va si l\u2019on ne sait pas d\u2019o\u00f9 l\u2019on vient, le coll\u00e8ge favorise les temps d\u2019apprentissage, de d\u00e9couverte et de r\u00e9flexion sur le pass\u00e9.<\/p>\n<p style=\"text-align: justify;\">Chaque ann\u00e9e, les \u00e9l\u00e8ves de 4<sup>\u00e8me<\/sup> et de 3<sup>\u00e8me<\/sup>, en coh\u00e9rence avec le programme d\u2019histoire et leur degr\u00e9 de maturit\u00e9, se familiarisent notamment avec les temps forts qui ont marqu\u00e9 la Seconde Guerre mondiale. Pour ce faire, il se rendent d\u2019une part, au Mus\u00e9e de la R\u00e9sistance de Saint Connan pr\u00e9sentant cinq espaces d\u2019exposition, portant tour \u00e0 tour sur l\u2019Occupation, les r\u00e9sistances, les maquis et leurs alli\u00e9s, le maquis de Pl\u00e9sidy \u00e0 Saint-Connan et la Lib\u00e9ration\u00a0; d\u2019autre part, l\u2019ann\u00e9e suivante, sur les plages du d\u00e9barquement, les cimeti\u00e8res allemand et am\u00e9ricain ainsi qu\u2019au M\u00e9morial de Caen.<\/p>\n<p style=\"text-align: justify;\">Tous les ans, lors de la Comm\u00e9moration du 11 novembre, les \u00e9l\u00e8ves volontaires sont invit\u00e9s \u00e0 se rendre au Monument aux Morts de Pl\u00e9met pour y d\u00e9poser une gerbe au nom du Coll\u00e8ge et manifester, de cette fa\u00e7on, la reconnaissance du devoir de m\u00e9moire qui s\u2019impose, de mani\u00e8re tacite, aux nouvelles g\u00e9n\u00e9rations.<\/p>\n","protected":false},"excerpt":{"rendered":"<p>Parce qu\u2019il est difficile de savoir o\u00f9 l\u2019on va si l\u2019on ne sait pas d\u2019o\u00f9 l\u2019on vient, le coll\u00e8ge favorise les temps d\u2019apprentissage, de d\u00e9couverte et de r\u00e9flexion sur le pass\u00e9. Chaque ann\u00e9e, les \u00e9l\u00e8ves de 4\u00e8me et de 3\u00e8me, en coh\u00e9rence avec le programme d\u2019histoire et leur degr\u00e9 de maturit\u00e9, se familiarisent notamment avec [&hellip;]<\/p>\n","protected":false},"author":1,"featured_media":0,"parent":0,"menu_order":0,"comment_status":"closed","ping_status":"closed","template":"","meta":{"_mc_calendar":[],"footnotes":""},"class_list":["post-302","page","type-page","status-publish","hentry","entry"],"_links":{"self":[{"href":"http:\/\/www.ndclarte-plemet.fr\/index.php?rest_route=\/wp\/v2\/pages\/302","targetHints":{"allow":["GET"]}}],"collection":[{"href":"http:\/\/www.ndclarte-plemet.fr\/index.php?rest_route=\/wp\/v2\/pages"}],"about":[{"href":"http:\/\/www.ndclarte-plemet.fr\/index.php?rest_route=\/wp\/v2\/types\/page"}],"author":[{"embeddable":true,"href":"http:\/\/www.ndclarte-plemet.fr\/index.php?rest_route=\/wp\/v2\/users\/1"}],"replies":[{"embeddable":true,"href":"http:\/\/www.ndclarte-plemet.fr\/index.php?rest_route=%2Fwp%2Fv2%2Fcomments&post=302"}],"version-history":[{"count":4,"href":"http:\/\/www.ndclarte-plemet.fr\/index.php?rest_route=\/wp\/v2\/pages\/302\/revisions"}],"predecessor-version":[{"id":933,"href":"http:\/\/www.ndclarte-plemet.fr\/index.php?rest_route=\/wp\/v2\/pages\/302\/revisions\/933"}],"wp:attachment":[{"href":"http:\/\/www.ndclarte-plemet.fr\/index.php?rest_route=%2Fwp%2Fv2%2Fmedia&parent=302"}],"curies":[{"name":"wp","href":"https:\/\/api.w.org\/{rel}","templated":true}]}}